)/((-18)/8)*15. Suppose -4*z = 2*w - 30, -z = -5*w + 4*z. Calculate the greatest common factor of w and d.
5
Suppose 13 + 11 = h. Let l = 1 - -9. Suppose 4*u - 2*p = 22, p = 5*u - 19 - l. What is the highest common divisor of h and u?
6
Let g(u) be the third derivative of -u**5/60 - u**4/3 + 13*u**3/6 + 2*u**2. Let s be g(-9). Let p = -3 + s. What is the highest common factor of p and 1?
1
Let g(p) = 6*p - 13. Let j be g(3). Calculate the highest common divisor of j and 25.
5
Suppose 2*v = -0*n - 2*n, 2*n + 4*v = 0. Suppose z - 3*z - 9 = -3*c, -2*z = n. Calculate the highest common divisor of c and 24.
3
Let w be 24/5 - 3/(-15). Suppose 0 = 2*l - w*l + 135. Suppose 0 = -3*z + l + 18. Calculate the greatest common divisor of z and 147.
21
Let n = 75 + -49. Suppose -4*o + 26 + n = 0. Calculate the highest common factor of o and 143.
13
Let j = -16 - -21. Calculate the greatest common divisor of 15 and j.
5
Let i(u) = -4*u - 1. Let n be i(-4). Let w(h) = 2*h**3 - 5*h**2 + 3*h - 3. Let x be w(3). Calculate the highest common factor of n and x.
15
Suppose 6 = -i + 4*j, 0 + 2 = -i + 2*j. Suppose -2*q - 43 = -t, 4*t = -3*q - i*q + 107. Let o = -7 + t. Calculate the highest common factor of o and 13.
13
Let r = -157 + 271. Let a = 180 - r. What is the highest common factor of 44 and a?
22
Let g(n) be the first derivative of -35*n**4/4 - 2*n**3/3 + n - 3. Let h be g(-1). Calculate the greatest common factor of 51 and h.
17
Let z be 56/(-12)*48/(-56). What is the greatest common factor of z and 8?
4
Let b be -26 - (-2 - (-9)/3). Let l = b + 203. What is the highest common factor of 16 and l?
16
Let f(x) = x**3 - 5. Let a = 12 + -9. Let t be f(a). Calculate the highest common divisor of t and 44.
22
Let h be (-88)/56 - (-3)/(-7). Let m be (-5)/h*4/5. Let y be 17 + -2 + 2/m. Calculate the highest common divisor of y and 40.
8
Let d = 114 + -60. What is the greatest common factor of 18 and d?
18
Suppose 0 = u - 3*u, 4*a + 3*u = 40. What is the highest common factor of 110 and a?
10
Let f(x) = -5*x + 23. Let p be f(4). Calculate the greatest common factor of p and 3.
3
Suppose -2*r - 88 = -6*r. What is the highest common factor of 2 and r?
2
Suppose 0 = 2*m - 5*s - 57, 3*m + s - 3*s - 69 = 0. What is the highest common divisor of 63 and m?
21
Suppose 2*f + 32 = 4*c, 4*f + 3*c - 2*c = -19. Let n be f/2 - (-2 - 15). Let z be 8/(-28) + 172/n. What is the greatest common factor of z and 8?
4
Let j = 22 - -2. Calculate the highest common factor of j and 72.
24
Let p(g) = -g + 6. Let a be p(6). Suppose 61 = 4*y + c, 2*y - 5*c - 3 = -a. Let k = -4 + 6. Calculate the highest common divisor of y and k.
2
Let q = 12 + -16. Let i be (-11 - q)/((-4)/96). What is the greatest common factor of i and 21?
21
Suppose 0 = n - 46 + 16. Let o be (108/n)/((-3)/(-140)). What is the highest common factor of 24 and o?
24
Let k be ((-8)/(-6))/((-7)/(-21)). What is the greatest common divisor of 28 and k?
4
Let o be 2 + (2 - 2) + 1. Let b be 1*(16 - o - 1). Suppose -109 = -4*x + 83. Calculate the greatest common divisor of b and x.
12
Let f be 70/42 + (-10)/(-3). Suppose x = 9 + 6. Calculate the greatest common divisor of f and x.
5
Suppose -25 = -5*y, -2 = s + 2*y - 77. Let o = 73 + -47. What is the greatest common factor of s and o?
13
Suppose 2*w + 10 = -j, 0*j - 5*j - 20 = 4*w. Suppose 54 = -j*m + 3*m. What is the greatest common factor of m and 162?
18
Let s = -2 - -4. Calculate the greatest common factor of s and 2.
2
Suppose 86 = 3*s - 94. What is the highest common factor of s and 480?
60
Let l = -8 - -20. What is the greatest common factor of 120 and l?
12
Suppose 0 = -4*o + 8*o + 48. Let a(h) = h**2 + 7*h + 10. Let y be a(o). Let u = y + -40. What is the greatest common factor of 10 and u?
10
Let h = 96 + -84. Suppose 2*w + 2*w - 72 = 0. Calculate the highest common factor of h and w.
6
Suppose -4*q + 2*q + 4 = 0. Suppose 2*r - q - 8 = 0. Let t be r*((-38)/(-10) - -1). What is the highest common factor of t and 36?
12
Let p = 7 + 0. Suppose -2*q + 5*q - 12 = 0. Let y = p - q. Calculate the greatest common divisor of y and 9.
3
Let p be (-458)/(-22) + (-4)/(-22). Let m be (88/5)/(3/15). Suppose w - 446 = -3*r, r + 4*w - 79 = m. What is the greatest common factor of p and r?
21
Let z(q) = -q**3 + 6*q**2 - 7*q + 6. Let k be z(5). Let l = 14 - k. Calculate the highest common divisor of l and 27.
9
Let u(v) = -v**2 + 8*v + 20. Let k be u(9). What is the highest common factor of k and 99?
11
Suppose 4*d - 4 = -0, 20 = -2*v - 2*d. Let o = 9 - v. Calculate the greatest common factor of 10 and o.
10
Let p = 26 - 16. What is the highest common factor of p and 2?
2
Let w(k) = -k**2 - 4*k + 3. Let g = 6 + -10. Let m be w(g). What is the highest common divisor of 2 and m?
1
Suppose 0 = -x - 3*m + 12, -2*m + 2 = -0*m. What is the greatest common divisor of x and 9?
9
Let t be (46/(-3))/((-6)/45). What is the highest common factor of t and 23?
23
Let l(x) = -3*x**2 + 3*x + 6. Let n(b) = -3*b**2 + 2*b + 5. Let r(a) = 5*l(a) - 6*n(a). Let v be r(-2). What is the highest common divisor of v and 24?
6
Suppose 3*c + 44 - 8 = 3*q, 3 = q + 2*c. Suppose 2*f - 23 = q. Let a = -26 + 58. Calculate the greatest common divisor of f and a.
16
Suppose y = -2*y + 18. Suppose 0*l = -6*l + 18. Suppose 0 = -6*q + l*q + 72. What is the greatest common factor of q and y?
6
Suppose 4*t + 5*f = 13, 0 = t - 4*t + 4*f + 2. Suppose 0 = 2*u - 3*p - 7, -u - 3*p + 33 = t*u. What is the highest common divisor of 88 and u?
8
Suppose 1 = -4*z + 9, -5*n + 918 = -z. What is the highest common factor of 23 and n?
23
Let y be ((-2)/(-4))/((-1)/(-6)). Suppose 3*u = -0*u + 15. Suppose -5*l + 0*l - 2*k = -1, -y*k - u = l. What is the greatest common divisor of 9 and l?
1
Let h(m) = 8*m**2. Let y be (-2)/12 + 21/18. Let w be h(y). Calculate the highest common factor of w and 1.
1
Let b(q) = q**2 - 2*q + 1. Let t be b(6). What is the highest common divisor of t and 10?
5
Suppose -3*m = -m - 32. Calculate the highest common factor of m and 40.
8
Suppose -4*u = -5*n - 8 - 13, 4*n + 25 = -5*u. Let i(g) = 6*g**2. Let c be i(u). Let v = -15 + 51. Calculate the greatest common divisor of v and c.
6
Let a(r) = r + 15. Let i be a(-11). Suppose i*u - 32 = 20. What is the greatest common divisor of 130 and u?
13
Suppose 0 = 4*l - 12*l + 320. Suppose 0 = p - 3*r - 35, -3*p - r + 255 = 2*p. Suppose -2*j - p = -7*j. What is the highest common factor of l and j?
10
Let v(o) = -o**3 + o**2 + o. Let t be v(-1). Suppose 4*b = f + 9, 4*f - 9 - 25 = 2*b. What is the greatest common divisor of t and f?
1
Suppose 0 = -0*v + 3*v - 4*p - 190, 285 = 4*v + p. What is the greatest common divisor of v and 28?
14
Let f = 24 + -17. Let k = 50 - 49. What is the greatest common divisor of k and f?
1
Suppose 0*a + 3*b + 93 = a, 4*b - 128 = -a. Suppose -a - 52 = -4*w. Calculate the greatest common factor of 10 and w.
10
Let v(r) be the first derivative of r**3/3 + r**2/2 + 5*r + 1. Let f be v(-6). Calculate the highest common factor of f and 7.
7
Let y(z) = -z**3 + 9*z**2 + z - 3. Let a be y(9). Suppose 3*n - a = 2*n. What is the highest common factor of n and 42?
6
Suppose 0 = 2*p + 3 - 1, -4*p - 6 = -c. Suppose -c*g + 11 = 1. Suppose -37 + 2 = -g*h. What is the greatest common divisor of h and 14?
7
Let a(h) = -h + 7. Let d be a(-7). Suppose 0 = 5*v - v - 4, -t + d = 4*v. Suppose 0 = 4*i - 114 + t. What is the highest common factor of 39 and i?
13
Suppose 9*b = -153 + 378. What is the greatest common factor of b and 25?
25
Let s(q) = -q**3 + 5*q**2 + 10*q - 9. Let y be s(-4). Calculate the highest common factor of 38 and y.
19
Let l(x) = -5*x + 5. Let z be ((-4)/(-5))/((-8)/60). Let u be l(z). What is the greatest common factor of 14 and u?
7
Let k be -3*(1/(-3))/(-1). Suppose 0 = -2*i + 75 - 7. Let v be (k + i - -2) + 1. Calculate the highest common factor of 54 and v.
18
Let q be ((-1)/(-4))/((-1)/(-4)). Let d be (6/4)/(q/2). Suppose -d*x + 10 = 5*w + 4, 0 = -3*x - 9. Calculate the greatest common divisor of 15 and w.
3
Let z be 0*(-3)/(2*-3). Suppose z = 2*w - 5*f - 7 - 60, 2*w + 5*f = 37. Let k = 41 - w. What is the highest common factor of k and 120?
15
Let y be -72*(-3)/(-8)*-2. Calculate the greatest common divisor of 18 and y.
18
Let m = 665 - 1